{"id":68,"date":"2016-05-05T21:08:49","date_gmt":"2016-05-05T21:08:49","guid":{"rendered":"https:\/\/oceanwp.org\/sport\/?page_id=68"},"modified":"2026-01-07T10:33:26","modified_gmt":"2026-01-07T09:33:26","slug":"contact-us","status":"publish","type":"page","link":"https:\/\/franks-vinothek.de\/index.php\/contact-us\/","title":{"rendered":"Kontakt"},"content":{"rendered":"\t\t<div data-elementor-type=\"wp-post\" data-elementor-id=\"68\" class=\"elementor elementor-68\">\n\t\t\t\t\t\t<section class=\"elementor-section elementor-top-section elementor-element elementor-element-008t7ul elementor-section-boxed elementor-section-height-default elementor-section-height-default\" data-id=\"008t7ul\" data-element_type=\"section\" data-e-type=\"section\">\n\t\t\t\t\t\t<div class=\"elementor-container elementor-column-gap-default\">\n\t\t\t\t\t<div class=\"elementor-column elementor-col-50 elementor-top-column elementor-element elementor-element-d0o1myu\" data-id=\"d0o1myu\" data-element_type=\"column\" data-e-type=\"column\">\n\t\t\t<div class=\"elementor-widget-wrap elementor-element-populated\">\n\t\t\t\t\t\t<div class=\"elementor-element elementor-element-p6ndti2 elementor-widget elementor-widget-heading\" data-id=\"p6ndti2\" data-element_type=\"widget\" data-e-type=\"widget\" data-widget_type=\"heading.default\">\n\t\t\t\t<div class=\"elementor-widget-container\">\n\t\t\t\t\t<h2 class=\"elementor-heading-title elementor-size-default\">So findest du uns<br><br><p style=\"font-family: ABeeZee;font-size: 15px;font-style: normal;letter-spacing: 0.4px;white-space: normal\"><strong style=\"font-size: 15px\"><span style=\"font-size: 15px;text-decoration: underline\">Frank's Vinothek &amp; Weinbar<\/span><\/strong><\/p><p style=\"font-family: ABeeZee;font-size: 15px;font-style: normal;letter-spacing: 0.4px;white-space: normal\">Allee 25<br>33161 H\u00f6velhof<\/p><p style=\"font-family: ABeeZee;font-size: 15px;font-style: normal;letter-spacing: 0.4px;white-space: normal\">Mobil&nbsp;<a href=\"tel:+491602349792\" style=\"font-size: 15px\">+49 160 23 49 79 2<\/a><br>Tel.&nbsp;<a href=\"tel:+495257938125\" style=\"font-size: 15px\">0 52 57 \u2013 93 81 25<\/a><br><\/p><span style=\"font-family: ABeeZee;font-size: 15px;font-style: normal;letter-spacing: 0.4px;white-space: normal\">E-Mail<\/span><span style=\"font-family: ABeeZee;font-size: 15px;font-style: normal;letter-spacing: 0.4px;white-space: normal\">&nbsp;<\/span><a href=\"mailto:info@franks-vinothek.de\" style=\"font-family: ABeeZee;font-size: 15px;font-style: normal;letter-spacing: 0.4px;white-space: normal\">info(at)franks-vinothek.de<\/a><br><\/h2>\t\t\t\t<\/div>\n\t\t\t\t<\/div>\n\t\t\t\t<div class=\"elementor-element elementor-element-b9c80df elementor-widget elementor-widget-google_maps\" data-id=\"b9c80df\" data-element_type=\"widget\" data-e-type=\"widget\" data-widget_type=\"google_maps.default\">\n\t\t\t\t<div class=\"elementor-widget-container\">\n\t\t\t\t\t\t\t<div class=\"elementor-custom-embed\">\n\t\t\t<iframe loading=\"lazy\"\n\t\t\t\t\tsrc=\"https:\/\/maps.google.com\/maps?q=Frank%27s%20Vinothek%20%26%20Weinbar&#038;t=m&#038;z=16&#038;output=embed&#038;iwloc=near\"\n\t\t\t\t\ttitle=\"Frank&#039;s Vinothek &amp; Weinbar\"\n\t\t\t\t\taria-label=\"Frank&#039;s Vinothek &amp; Weinbar\"\n\t\t\t><\/iframe>\n\t\t<\/div>\n\t\t\t\t\t\t<\/div>\n\t\t\t\t<\/div>\n\t\t\t\t\t<\/div>\n\t\t<\/div>\n\t\t\t\t<div class=\"elementor-column elementor-col-50 elementor-top-column elementor-element elementor-element-op7g7wp\" data-id=\"op7g7wp\" data-element_type=\"column\" data-e-type=\"column\">\n\t\t\t<div class=\"elementor-widget-wrap elementor-element-populated\">\n\t\t\t\t\t\t<div class=\"elementor-element elementor-element-zfp558x elementor-widget elementor-widget-text-editor\" data-id=\"zfp558x\" data-element_type=\"widget\" data-e-type=\"widget\" data-widget_type=\"text-editor.default\">\n\t\t\t\t<div class=\"elementor-widget-container\">\n\t\t\t\t\t\t\t\t\t<p style=\"text-align: center;\"><b style=\"caret-color: #000000; color: #000000; font-style: normal; font-variant-caps: normal; letter-spacing: normal; -webkit-text-size-adjust: auto; font-family: UICTFontTextStyleBody; font-size: 16.37px;\">\u00d6ffnungszeiten<\/b><\/p>\n<p style=\"text-align: center;\"><b style=\"caret-color: #000000; color: #000000; font-style: normal; font-variant-caps: normal; letter-spacing: normal; -webkit-text-size-adjust: auto; font-family: UICTFontTextStyleBody; font-size: 16.37px;\">Unser Gastro-Bereich <\/b><span style=\"caret-color: #000000; color: #000000; font-style: normal; font-variant-caps: normal; letter-spacing: normal; -webkit-text-size-adjust: auto; font-family: UICTFontTextStyleBody; font-size: 16.37px;\">hat Freitags (19 Uhr) und Samstags (18 Uhr) f\u00fcr euch ge\u00f6ffnet. Ruft uns gerne an, falls ihr einen Tisch reservieren m\u00f6chtet. Bitte beachtet eventuelle Abweichungen.<\/span><\/p>\n<p style=\"margin-bottom: 0px; font-style: normal; font-variant-caps: normal; font-stretch: normal; font-size: 16.4px; line-height: normal; font-size-adjust: none; font-kerning: auto; font-variant-alternates: normal; font-variant-ligatures: normal; font-variant-numeric: normal; font-variant-east-asian: normal; font-variant-position: normal; font-feature-settings: normal; font-optical-sizing: auto; font-variation-settings: normal; caret-color: #000000; color: #000000; letter-spacing: normal; -webkit-text-size-adjust: auto;\"><span style=\"font-family: UICTFontTextStyleBody; font-style: normal; font-size: 16.37px;\"><b>&nbsp;<\/b><\/span><\/p>\n<p style=\"margin-bottom: 0px; font-style: normal; font-variant-caps: normal; font-stretch: normal; font-size: 16.4px; line-height: normal; font-size-adjust: none; font-kerning: auto; font-variant-alternates: normal; font-variant-ligatures: normal; font-variant-numeric: normal; font-variant-east-asian: normal; font-variant-position: normal; font-feature-settings: normal; font-optical-sizing: auto; font-variation-settings: normal; caret-color: #000000; color: #000000; letter-spacing: normal; -webkit-text-size-adjust: auto;\"><span style=\"font-family: UICTFontTextStyleBody; font-style: normal; font-size: 16.37px;\"><b>\u00d6ffnungszeiten Laden:<\/b><\/span><\/p>\n<p style=\"margin-bottom: 0px; font-style: normal; font-variant-caps: normal; font-stretch: normal; font-size: 16.4px; line-height: normal; font-size-adjust: none; font-kerning: auto; font-variant-alternates: normal; font-variant-ligatures: normal; font-variant-numeric: normal; font-variant-east-asian: normal; font-variant-position: normal; font-feature-settings: normal; font-optical-sizing: auto; font-variation-settings: normal; caret-color: #000000; color: #000000; letter-spacing: normal; -webkit-text-size-adjust: auto;\"><span style=\"font-family: UICTFontTextStyleBody; font-style: normal; font-size: 16.37px;\">&nbsp;<\/span><\/p>\n<p style=\"margin-bottom: 0px; font-style: normal; font-variant-caps: normal; font-stretch: normal; font-size: 16.4px; line-height: normal; font-size-adjust: none; font-kerning: auto; font-variant-alternates: normal; font-variant-ligatures: normal; font-variant-numeric: normal; font-variant-east-asian: normal; font-variant-position: normal; font-feature-settings: normal; font-optical-sizing: auto; font-variation-settings: normal; caret-color: #000000; color: #000000; letter-spacing: normal; -webkit-text-size-adjust: auto;\"><span style=\"font-family: UICTFontTextStyleBody; font-style: normal; font-size: 16.37px;\"><b>Montag<\/b> <\/span><\/p>\n<p style=\"margin-bottom: 0px; font-style: normal; font-variant-caps: normal; font-stretch: normal; font-size: 16.4px; line-height: normal; font-size-adjust: none; font-kerning: auto; font-variant-alternates: normal; font-variant-ligatures: normal; font-variant-numeric: normal; font-variant-east-asian: normal; font-variant-position: normal; font-feature-settings: normal; font-optical-sizing: auto; font-variation-settings: normal; caret-color: #000000; color: #000000; letter-spacing: normal; -webkit-text-size-adjust: auto;\"><span style=\"font-family: UICTFontTextStyleBody; font-style: normal; font-size: 16.37px;\">15:00\u201318:30&nbsp;<\/span><\/p>\n<p style=\"margin-bottom: 0px; font-style: normal; font-variant-caps: normal; font-stretch: normal; font-size: 16.4px; line-height: normal; font-size-adjust: none; font-kerning: auto; font-variant-alternates: normal; font-variant-ligatures: normal; font-variant-numeric: normal; font-variant-east-asian: normal; font-variant-position: normal; font-feature-settings: normal; font-optical-sizing: auto; font-variation-settings: normal; caret-color: #000000; color: #000000; letter-spacing: normal; -webkit-text-size-adjust: auto;\"><span style=\"font-family: UICTFontTextStyleBody; font-style: normal; font-size: 16.37px;\">&nbsp;<\/span><\/p>\n<p style=\"margin-bottom: 0px; font-style: normal; font-variant-caps: normal; font-stretch: normal; font-size: 16.4px; line-height: normal; font-size-adjust: none; font-kerning: auto; font-variant-alternates: normal; font-variant-ligatures: normal; font-variant-numeric: normal; font-variant-east-asian: normal; font-variant-position: normal; font-feature-settings: normal; font-optical-sizing: auto; font-variation-settings: normal; caret-color: #000000; color: #000000; letter-spacing: normal; -webkit-text-size-adjust: auto;\"><span style=\"font-family: UICTFontTextStyleBody; font-style: normal; font-size: 16.37px;\"><b>Dienstag<\/b><span style=\"white-space: pre;\"> &nbsp;<\/span><\/span><\/p>\n<p style=\"margin-bottom: 0px; font-style: normal; font-variant-caps: normal; font-stretch: normal; font-size: 16.4px; line-height: normal; font-size-adjust: none; font-kerning: auto; font-variant-alternates: normal; font-variant-ligatures: normal; font-variant-numeric: normal; font-variant-east-asian: normal; font-variant-position: normal; font-feature-settings: normal; font-optical-sizing: auto; font-variation-settings: normal; caret-color: #000000; color: #000000; letter-spacing: normal; -webkit-text-size-adjust: auto;\"><span style=\"font-family: UICTFontTextStyleBody; font-style: normal; font-size: 16.37px;\">9:30\u201312:30, 15:00\u201318:30<\/span><\/p>\n<p style=\"margin-bottom: 0px; font-style: normal; font-variant-caps: normal; font-stretch: normal; font-size: 16.4px; line-height: normal; font-size-adjust: none; font-kerning: auto; font-variant-alternates: normal; font-variant-ligatures: normal; font-variant-numeric: normal; font-variant-east-asian: normal; font-variant-position: normal; font-feature-settings: normal; font-optical-sizing: auto; font-variation-settings: normal; caret-color: #000000; color: #000000; letter-spacing: normal; -webkit-text-size-adjust: auto;\"><span style=\"font-family: UICTFontTextStyleBody; font-style: normal; font-size: 16.37px;\">&nbsp;<\/span><\/p>\n<p style=\"margin-bottom: 0px; font-style: normal; font-variant-caps: normal; font-stretch: normal; font-size: 16.4px; line-height: normal; font-size-adjust: none; font-kerning: auto; font-variant-alternates: normal; font-variant-ligatures: normal; font-variant-numeric: normal; font-variant-east-asian: normal; font-variant-position: normal; font-feature-settings: normal; font-optical-sizing: auto; font-variation-settings: normal; caret-color: #000000; color: #000000; letter-spacing: normal; -webkit-text-size-adjust: auto;\"><span style=\"font-family: UICTFontTextStyleBody; font-style: normal; font-size: 16.37px;\"><b>Mittwoch<\/b><span style=\"white-space: pre;\">&nbsp;<\/span><\/span><\/p>\n<p style=\"margin-bottom: 0px; font-style: normal; font-variant-caps: normal; font-stretch: normal; font-size: 16.4px; line-height: normal; font-size-adjust: none; font-kerning: auto; font-variant-alternates: normal; font-variant-ligatures: normal; font-variant-numeric: normal; font-variant-east-asian: normal; font-variant-position: normal; font-feature-settings: normal; font-optical-sizing: auto; font-variation-settings: normal; caret-color: #000000; color: #000000; letter-spacing: normal; -webkit-text-size-adjust: auto;\"><span style=\"font-family: UICTFontTextStyleBody; font-size: 16.37px; font-style: normal;\">9:30\u201312:30, 15:00\u201318:30<\/span><\/p>\n<p style=\"margin-bottom: 0px; font-style: normal; font-variant-caps: normal; font-stretch: normal; font-size: 16.4px; line-height: normal; font-size-adjust: none; font-kerning: auto; font-variant-alternates: normal; font-variant-ligatures: normal; font-variant-numeric: normal; font-variant-east-asian: normal; font-variant-position: normal; font-feature-settings: normal; font-optical-sizing: auto; font-variation-settings: normal; caret-color: #000000; color: #000000; letter-spacing: normal; -webkit-text-size-adjust: auto;\"><span style=\"font-family: UICTFontTextStyleBody; font-size: 16.37px; font-style: normal;\">&nbsp;<\/span><\/p>\n<p style=\"margin-bottom: 0px; font-style: normal; font-variant-caps: normal; font-stretch: normal; font-size: 16.4px; line-height: normal; font-size-adjust: none; font-kerning: auto; font-variant-alternates: normal; font-variant-ligatures: normal; font-variant-numeric: normal; font-variant-east-asian: normal; font-variant-position: normal; font-feature-settings: normal; font-optical-sizing: auto; font-variation-settings: normal; caret-color: #000000; color: #000000; letter-spacing: normal; -webkit-text-size-adjust: auto;\"><span style=\"font-family: UICTFontTextStyleBody; font-size: 16.37px; font-style: normal;\"><b>Donnerstag<\/b><\/span><span style=\"font-family: UICTFontTextStyleBody; font-size: 16.37px; font-style: normal; white-space: pre;\">&nbsp;<\/span><\/p>\n<p style=\"margin-bottom: 0px; font-style: normal; font-variant-caps: normal; font-stretch: normal; font-size: 16.4px; line-height: normal; font-size-adjust: none; font-kerning: auto; font-variant-alternates: normal; font-variant-ligatures: normal; font-variant-numeric: normal; font-variant-east-asian: normal; font-variant-position: normal; font-feature-settings: normal; font-optical-sizing: auto; font-variation-settings: normal; caret-color: #000000; color: #000000; letter-spacing: normal; -webkit-text-size-adjust: auto;\"><span style=\"font-family: UICTFontTextStyleBody; font-size: 16.37px; font-style: normal;\">9:30\u201312:30, 15:00\u201318:30<\/span><\/p>\n<p style=\"margin-bottom: 0px; font-style: normal; font-variant-caps: normal; font-stretch: normal; font-size: 16.4px; line-height: normal; font-size-adjust: none; font-kerning: auto; font-variant-alternates: normal; font-variant-ligatures: normal; font-variant-numeric: normal; font-variant-east-asian: normal; font-variant-position: normal; font-feature-settings: normal; font-optical-sizing: auto; font-variation-settings: normal; caret-color: #000000; color: #000000; letter-spacing: normal; -webkit-text-size-adjust: auto;\"><span style=\"font-family: UICTFontTextStyleBody; font-style: normal; font-size: 16.37px;\">&nbsp;<\/span><\/p>\n<p style=\"margin-bottom: 0px; font-style: normal; font-variant-caps: normal; font-stretch: normal; font-size: 16.4px; line-height: normal; font-size-adjust: none; font-kerning: auto; font-variant-alternates: normal; font-variant-ligatures: normal; font-variant-numeric: normal; font-variant-east-asian: normal; font-variant-position: normal; font-feature-settings: normal; font-optical-sizing: auto; font-variation-settings: normal; caret-color: #000000; color: #000000; letter-spacing: normal; -webkit-text-size-adjust: auto;\"><span style=\"font-family: UICTFontTextStyleBody; font-style: normal; font-size: 16.37px;\"><b>Freitag<\/b><span style=\"white-space: pre;\">&nbsp;<\/span><\/span><\/p>\n<p style=\"margin-bottom: 0px; font-style: normal; font-variant-caps: normal; font-stretch: normal; font-size: 16.4px; line-height: normal; font-size-adjust: none; font-kerning: auto; font-variant-alternates: normal; font-variant-ligatures: normal; font-variant-numeric: normal; font-variant-east-asian: normal; font-variant-position: normal; font-feature-settings: normal; font-optical-sizing: auto; font-variation-settings: normal; caret-color: #000000; color: #000000; letter-spacing: normal; -webkit-text-size-adjust: auto;\"><span style=\"font-family: UICTFontTextStyleBody; font-style: normal; font-size: 16.37px;\">9:30\u201312:30, 15:00\u201318:30<\/span><\/p>\n<p style=\"margin-bottom: 0px; font-style: normal; font-variant-caps: normal; font-stretch: normal; font-size: 16.4px; line-height: normal; font-size-adjust: none; font-kerning: auto; font-variant-alternates: normal; font-variant-ligatures: normal; font-variant-numeric: normal; font-variant-east-asian: normal; font-variant-position: normal; font-feature-settings: normal; font-optical-sizing: auto; font-variation-settings: normal; caret-color: #000000; color: #000000; letter-spacing: normal; -webkit-text-size-adjust: auto;\"><span style=\"font-family: UICTFontTextStyleBody; font-style: normal; font-size: 16.37px;\">&nbsp;<\/span><\/p>\n<p style=\"margin-bottom: 0px; font-style: normal; font-variant-caps: normal; font-stretch: normal; font-size: 16.4px; line-height: normal; font-size-adjust: none; font-kerning: auto; font-variant-alternates: normal; font-variant-ligatures: normal; font-variant-numeric: normal; font-variant-east-asian: normal; font-variant-position: normal; font-feature-settings: normal; font-optical-sizing: auto; font-variation-settings: normal; caret-color: #000000; color: #000000; letter-spacing: normal; -webkit-text-size-adjust: auto;\"><span style=\"font-family: UICTFontTextStyleBody; font-style: normal; font-size: 16.37px;\"><b>Samstag<\/b> <\/span><\/p>\n<p style=\"margin-bottom: 0px; font-style: normal; font-variant-caps: normal; font-stretch: normal; font-size: 16.4px; line-height: normal; font-size-adjust: none; font-kerning: auto; font-variant-alternates: normal; font-variant-ligatures: normal; font-variant-numeric: normal; font-variant-east-asian: normal; font-variant-position: normal; font-feature-settings: normal; font-optical-sizing: auto; font-variation-settings: normal; caret-color: #000000; color: #000000; letter-spacing: normal; -webkit-text-size-adjust: auto;\"><span style=\"font-family: UICTFontTextStyleBody; font-size: 16.37px; font-style: normal;\">10:00\u201314:00<\/span><\/p>\n<p style=\"margin-bottom: 0px; font-style: normal; font-variant-caps: normal; font-stretch: normal; font-size: 16.4px; line-height: normal; font-size-adjust: none; font-kerning: auto; font-variant-alternates: normal; font-variant-ligatures: normal; font-variant-numeric: normal; font-variant-east-asian: normal; font-variant-position: normal; font-feature-settings: normal; font-optical-sizing: auto; font-variation-settings: normal; caret-color: #000000; color: #000000; letter-spacing: normal; -webkit-text-size-adjust: auto;\"><span style=\"font-family: UICTFontTextStyleBody; font-style: normal; font-size: 16.37px;\">&nbsp;<\/span><\/p>\n<p style=\"margin-bottom: 0px; font-style: normal; font-variant-caps: normal; font-stretch: normal; font-size: 16.4px; line-height: normal; font-size-adjust: none; font-kerning: auto; font-variant-alternates: normal; font-variant-ligatures: normal; font-variant-numeric: normal; font-variant-east-asian: normal; font-variant-position: normal; font-feature-settings: normal; font-optical-sizing: auto; font-variation-settings: normal; caret-color: #000000; color: #000000; letter-spacing: normal; -webkit-text-size-adjust: auto;\"><span style=\"font-family: UICTFontTextStyleBody; font-style: normal; font-size: 16.37px;\"><b>Sonntag<\/b> <\/span><\/p>\n<p style=\"margin-bottom: 0px; font-style: normal; font-variant-caps: normal; font-stretch: normal; font-size: 16.4px; line-height: normal; font-size-adjust: none; font-kerning: auto; font-variant-alternates: normal; font-variant-ligatures: normal; font-variant-numeric: normal; font-variant-east-asian: normal; font-variant-position: normal; font-feature-settings: normal; font-optical-sizing: auto; font-variation-settings: normal; caret-color: #000000; color: #000000; letter-spacing: normal; -webkit-text-size-adjust: auto;\"><span style=\"font-family: UICTFontTextStyleBody; font-style: normal; font-size: 16.37px;\">Geschlossen<\/span><\/p>\t\t\t\t\t\t\t\t<\/div>\n\t\t\t\t<\/div>\n\t\t\t\t\t<\/div>\n\t\t<\/div>\n\t\t\t\t\t<\/div>\n\t\t<\/section>\n\t\t\t\t<section class=\"elementor-section elementor-top-section elementor-element elementor-element-3ae2419 elementor-section-boxed elementor-section-height-default elementor-section-height-default\" data-id=\"3ae2419\" data-element_type=\"section\" data-e-type=\"section\">\n\t\t\t\t\t\t<div class=\"elementor-container elementor-column-gap-default\">\n\t\t\t\t\t<div class=\"elementor-column elementor-col-100 elementor-top-column elementor-element elementor-element-4ddb56d\" data-id=\"4ddb56d\" data-element_type=\"column\" data-e-type=\"column\">\n\t\t\t<div class=\"elementor-widget-wrap elementor-element-populated\">\n\t\t\t\t\t\t<div class=\"elementor-element elementor-element-e788120 elementor-widget-divider--view-line elementor-widget elementor-widget-divider\" data-id=\"e788120\" data-element_type=\"widget\" data-e-type=\"widget\" data-widget_type=\"divider.default\">\n\t\t\t\t<div class=\"elementor-widget-container\">\n\t\t\t\t\t\t\t<div class=\"elementor-divider\">\n\t\t\t<span class=\"elementor-divider-separator\">\n\t\t\t\t\t\t<\/span>\n\t\t<\/div>\n\t\t\t\t\t\t<\/div>\n\t\t\t\t<\/div>\n\t\t\t\t\t<\/div>\n\t\t<\/div>\n\t\t\t\t\t<\/div>\n\t\t<\/section>\n\t\t\t\t<section class=\"elementor-section elementor-top-section elementor-element elementor-element-54a370f elementor-section-boxed elementor-section-height-default elementor-section-height-default\" data-id=\"54a370f\" data-element_type=\"section\" data-e-type=\"section\">\n\t\t\t\t\t\t<div class=\"elementor-container elementor-column-gap-default\">\n\t\t\t\t\t<div class=\"elementor-column elementor-col-100 elementor-top-column elementor-element elementor-element-4ed21ca\" data-id=\"4ed21ca\" data-element_type=\"column\" data-e-type=\"column\">\n\t\t\t<div class=\"elementor-widget-wrap elementor-element-populated\">\n\t\t\t\t\t\t\t<\/div>\n\t\t<\/div>\n\t\t\t\t\t<\/div>\n\t\t<\/section>\n\t\t\t\t<\/div>\n\t\t","protected":false},"excerpt":{"rendered":"<p>So findest du uns Frank&#8217;s Vinothek &amp; Weinbar Allee 2533161 H\u00f6velhof Mobil&nbsp;+49 160 23 49 79 2Tel.&nbsp;0 52 57 \u2013 93 81 25 E-Mail&nbsp;info(at)franks-vinothek.de \u00d6ffnungszeiten Unser Gastro-Bereich hat Freitags (19 Uhr) und Samstags (18 Uhr) f\u00fcr euch ge\u00f6ffnet. Ruft uns gerne an, falls ihr einen Tisch reservieren m\u00f6chtet. Bitte beachtet eventuelle Abweichungen. &nbsp; \u00d6ffnungszeiten Laden: [&hellip;]<\/p>\n","protected":false},"author":1,"featured_media":0,"parent":0,"menu_order":0,"comment_status":"closed","ping_status":"closed","template":"","meta":{"ocean_post_layout":"full-width","ocean_both_sidebars_style":"","ocean_both_sidebars_content_width":0,"ocean_both_sidebars_sidebars_width":0,"ocean_sidebar":"0","ocean_second_sidebar":"0","ocean_disable_margins":"enable","ocean_add_body_class":"","ocean_shortcode_before_top_bar":"","ocean_shortcode_after_top_bar":"","ocean_shortcode_before_header":"","ocean_shortcode_after_header":"","ocean_has_shortcode":"","ocean_shortcode_after_title":"","ocean_shortcode_before_footer_widgets":"","ocean_shortcode_after_footer_widgets":"","ocean_shortcode_before_footer_bottom":"","ocean_shortcode_after_footer_bottom":"","ocean_display_top_bar":"default","ocean_display_header":"default","ocean_header_style":"","ocean_center_header_left_menu":"0","ocean_custom_header_template":"0","ocean_custom_logo":0,"ocean_custom_retina_logo":0,"ocean_custom_logo_max_width":0,"ocean_custom_logo_tablet_max_width":0,"ocean_custom_logo_mobile_max_width":0,"ocean_custom_logo_max_height":0,"ocean_custom_logo_tablet_max_height":0,"ocean_custom_logo_mobile_max_height":0,"ocean_header_custom_menu":"0","ocean_menu_typo_font_family":"0","ocean_menu_typo_font_subset":"","ocean_menu_typo_font_size":0,"ocean_menu_typo_font_size_tablet":0,"ocean_menu_typo_font_size_mobile":0,"ocean_menu_typo_font_size_unit":"px","ocean_menu_typo_font_weight":"","ocean_menu_typo_font_weight_tablet":"","ocean_menu_typo_font_weight_mobile":"","ocean_menu_typo_transform":"","ocean_menu_typo_transform_tablet":"","ocean_menu_typo_transform_mobile":"","ocean_menu_typo_line_height":0,"ocean_menu_typo_line_height_tablet":0,"ocean_menu_typo_line_height_mobile":0,"ocean_menu_typo_line_height_unit":"","ocean_menu_typo_spacing":0,"ocean_menu_typo_spacing_tablet":0,"ocean_menu_typo_spacing_mobile":0,"ocean_menu_typo_spacing_unit":"","ocean_menu_link_color":"","ocean_menu_link_color_hover":"","ocean_menu_link_color_active":"","ocean_menu_link_background":"","ocean_menu_link_hover_background":"","ocean_menu_link_active_background":"","ocean_menu_social_links_bg":"","ocean_menu_social_hover_links_bg":"","ocean_menu_social_links_color":"","ocean_menu_social_hover_links_color":"","ocean_disable_title":"default","ocean_disable_heading":"on","ocean_post_title":"","ocean_post_subheading":"","ocean_post_title_style":"background-image","ocean_post_title_background_color":"","ocean_post_title_background":616,"ocean_post_title_bg_image_position":"center center","ocean_post_title_bg_image_attachment":"","ocean_post_title_bg_image_repeat":"","ocean_post_title_bg_image_size":"","ocean_post_title_height":0,"ocean_post_title_bg_overlay":0.5,"ocean_post_title_bg_overlay_color":"","ocean_disable_breadcrumbs":"off","ocean_breadcrumbs_color":"","ocean_breadcrumbs_separator_color":"","ocean_breadcrumbs_links_color":"","ocean_breadcrumbs_links_hover_color":"","ocean_display_footer_widgets":"default","ocean_display_footer_bottom":"default","ocean_custom_footer_template":"0","footnotes":""},"class_list":["post-68","page","type-page","status-publish","hentry","entry"],"_links":{"self":[{"href":"https:\/\/franks-vinothek.de\/index.php\/wp-json\/wp\/v2\/pages\/68","targetHints":{"allow":["GET"]}}],"collection":[{"href":"https:\/\/franks-vinothek.de\/index.php\/wp-json\/wp\/v2\/pages"}],"about":[{"href":"https:\/\/franks-vinothek.de\/index.php\/wp-json\/wp\/v2\/types\/page"}],"author":[{"embeddable":true,"href":"https:\/\/franks-vinothek.de\/index.php\/wp-json\/wp\/v2\/users\/1"}],"replies":[{"embeddable":true,"href":"https:\/\/franks-vinothek.de\/index.php\/wp-json\/wp\/v2\/comments?post=68"}],"version-history":[{"count":29,"href":"https:\/\/franks-vinothek.de\/index.php\/wp-json\/wp\/v2\/pages\/68\/revisions"}],"predecessor-version":[{"id":1002,"href":"https:\/\/franks-vinothek.de\/index.php\/wp-json\/wp\/v2\/pages\/68\/revisions\/1002"}],"wp:attachment":[{"href":"https:\/\/franks-vinothek.de\/index.php\/wp-json\/wp\/v2\/media?parent=68"}],"curies":[{"name":"wp","href":"https:\/\/api.w.org\/{rel}","templated":true}]}}